 prime factors of d(16)?
7, 17
Let y be (-45)/(-20) + 2/(-8). Suppose 4*w - y*b = 2 + 208, 0 = -4*w - 5*b + 175. Suppose -2*g + 4*n = -n - 13, 5*n = -5*g + w. What are the prime factors of g?
3
Let k be (-95)/15 + 3/9. List the prime factors of 15/(-10)*92/k.
23
Let m(o) = -o**2 + 7*o + 6. Let y be m(6). Suppose 2*u = 4*u - y. What are the prime factors of u?
2, 3
List the prime factors of -12*(0 - 3/3).
2, 3
Let n(r) = 4*r + 9. Let m(f) = 1. Let g(s) = 2*m(s) - n(s). List the prime factors of g(-5).
13
Let x(c) = -c**3 - 12*c**2 - 23*c + 4. List the prime factors of x(-10).
2, 17
Suppose 0 = 3*j - 296 - 151. What are the prime factors of j?
149
Let d(h) = 32*h**2. Let k be d(-2). Suppose -5*t + o + k = 0, 4*t = -o + 4 + 93. What are the prime factors of t?
5
Let m be 5*(2 + 8/(-5)). Suppose 4*f = -c + 16, m*f + 54 = 4*c - 28. What are the prime factors of c?
2, 5
Suppose -z + 20 = 3*z. Let y = 8 - 8. Suppose z*x + 45 = 2*l + l, y = -5*l + 4*x + 62. List the prime factors of l.
2, 5
Let l(g) = -g**3 - 13*g**2 + 8*g - 14. Let f(d) = 2*d**2 + 0 + 1 - d**2. Let w(a) = -6*f(a) - l(a). List the prime factors of w(-8).
2
Let n = 74 - 41. List the prime factors of n.
3, 11
Let f(h) be the third derivative of h**4/3 - h**3/3 + 3*h**2. Let r be f(2). What are the prime factors of -2*(2 - r/4)?
3
Suppose 2*m = -7*v + 3*v + 280, 0 = -3*v - 12. List the prime factors of m.
2, 37
Let s(n) = -n**2 - 18*n + 3*n**2 + 15*n + 3*n**3 + 2*n**3. What are the prime factors of s(2)?
2, 3, 7
List the prime factors of 3042/65 + 1/5.
47
Let k(g) = -g - 3. Let w be k(-3). Suppose 2*c = -5*a + 30, w = 3*a + c - 19 - 0. List the prime factors of a.
2
Suppose 0 = 3*u - 0 - 3. Let z be -5*3/(-2 - u). Suppose -z*v + 12 = -2*w, -2*v - 3*v = 5*w - 40. What are the prime factors of w?
2
Let k = -231 - -494. List the prime factors of k.
263
Let h(a) = 2*a**3 - a + 1. Let g(d) = -2*d**3 - d**2 - 2*d - 1. Let k be g(-1). List the prime factors of h(k).
3, 5
Suppose -j - 134 = -5*l + 234, -2*l - j + 143 = 0. What are the prime factors of l?
73
Let p be ((-45)/12)/((-6)/176). Suppose 2*q = -3*q + p. What are the prime factors of q?
2, 11
Let s(t) = -3*t - 3. Let z be s(-7). Suppose -5*r = -4*h - 19, -5*r - h + z = 4. Suppose -2*g = -r*g + 9. What are the prime factors of g?
3
Let d be ((-3)/6 - 3)*-2. Let c(b) be the first derivative of b**2 - 5*b - 1. What are the prime factors of c(d)?
3
Suppose 283 = 5*v + 58. Suppose -2*u + 5*u - v = 0. List the prime factors of u.
3, 5
Let d be 2/2*4/(-4). Let y be (-1)/d + 2 + 16. Suppose 14 + y = 3*w. What are the prime factors of w?
11
Let h be 90/24 + 3/(-4). What are the prime factors of 5/((-1 + h)/6)?
3, 5
Let r(u) = -u**3 + 4*u**2 + 5*u. Let t be r(5). Let y = t + 2. What are the prime factors of (-1 - y)/((-9)/12)?
2
Suppose 2*k - 136 = -2*t + t, 4*k = 5*t + 244. Let s = k - 37. What are the prime factors of s?
29
Let w be 87/(-9) + 4/6. Let d be (-3)/w - (-2)/(-6). What are the prime factors of 16/10*(d + 5)?
2
Suppose -2*v + 64 - 8 = 0. List the prime factors of v.
2, 7
Let s = 668 + -269. List the prime factors of s.
3, 7, 19
Let p(u) = -u**3 - 5*u**2 + 5*u - 3. Let x be p(-6). Suppose 4*a = -x*b + 24, 5*a + 3*b - 37 = b. List the prime factors of ((-36)/2)/(a/(-6)).
2, 3
Suppose -t + 22 = 4*f - 0*f, -3*t + 16 = 2*f. Let c(s) = 2*s + 6. Let v be c(5). Suppose -t*w = -w - v. List the prime factors of w.
2
Let j(b) be the first derivative of b**3/3 + 5*b**2/2 + 4*b - 1. What are the prime factors of j(-5)?
2
Let z(g) = 308*g + 2. What are the prime factors of z(1)?
2, 5, 31
Suppose -4*v + 2*m = -897 - 651, -4*v + 1556 = -4*m. What are the prime factors of v?
5, 7, 11
List the prime factors of ((-774)/(-4))/9*(2 + 4).
3, 43
Let y = 12 - 8. Suppose 4*t = 5 - 1, y*s + 4*t - 80 = 0. Let i = s + -11. List the prime factors of i.
2
Suppose -8*v - 12 = -4*v. What are the prime factors of 35 - (-3 - (-4 - v))?
37
Let c = 51 + 5. List the prime factors of c.
2, 7
Suppose -2*o + 8 = 4*g, -18 = -3*o - 2*g - 2*g. What are the prime factors of o?
2, 5
Let q(s) = -s**3 + 7*s**2 + s - 6. Let l be q(7). List the prime factors of 33 + 1/(l/(-3)).
2, 3, 5
Suppose -3*x + 10 = d, x - d = 2 - 0. Suppose -n = h - x*h - 16, -3*n + 4*h = -40. What are the prime factors of n?
2
Let h(a) = -4*a - 6. Let i be h(-4). What are the prime factors of i/(-1*(1 + -2))?
2, 5
Let m(q) = q**2 + 9*q - 6. Let i(a) = -6*a**2 - 45*a + 31. Let z(u) = 2*i(u) + 11*m(u). Suppose -6*f + 3*f = -24. What are the prime factors of z(f)?
2
Let z = 7 - 3. Suppose z*g - 24 = g. List the prime factors of g.
2
Suppose -4*o = -8*o. Suppose -6 = -3*q - o. What are the prime factors of q?
2
Suppose 0 = -w + 24 + 8. Let z = -22 + w. List the prime factors of z.
2, 5
Let x be (-18)/(-8) + 1/(-4). Suppose -2*k - 2*u = 2*u - 40, 8 = -x*u. Suppose 2*s + 2*s - k = 0. What are the prime factors of s?
7
Suppose 6*i + 119 = 755. List the prime factors of i.
2, 53
Let o = -36 + 68. What are the prime factors of o?
2
Let d(t) = -2*t + 6. Let g be d(-11). Let c = -11 + g. List the prime factors of c.
17
Let w be 10/(-60) - 22/12. List the prime factors of ((-4)/4)/(w/38).
19
Suppose 0*u = -2*h + u + 130, -5*h = -4*u - 331. List the prime factors of h.
3, 7
Suppose 4*n - 5 = 63. What are the prime factors of n?
17
Suppose 3*q - 2*n = 446, -4*n = 4*q - 74 - 494. What are the prime factors of q?
2, 73
Let q(o) = 4*o**2 - 2*o. Let h be q(2). Let i be (3/(-3))/(2/(-36)). Suppose i = 5*t - h. List the prime factors of t.
2, 3
List the prime factors of (20/25)/(2/85).
2, 17
Let z(h) = 2*h**2 - 10*h + 9. List the prime factors of z(6).
3, 7
Let c = -8 - -28. Suppose 0 = -5*d + 10 + c. What are the prime factors of d?
2, 3
Let v = 1001 - 665. List the prime factors of v.
2, 3, 7
Let n = 28 + 38. Let y = -45 + n. What are the prime factors of y?
3, 7
Let v be 2/(-3) - (-8)/3. Suppose -5*h = 4*k - 50, -1 = -5*k - h + 72. Suppose -v*c + k = -2*p - 1, -3*p = 0. List the prime factors of c.
2
Let m(j) = 2*j + 2. Let g be m(2). List the prime factors of g/39 + 154/13.
2, 3
Suppose -2*u - 2 = -30. List the prime factors of (-4)/u - (-114)/7.
2
Let h = 146 - 29. What are the prime factors of h?
3, 13
Let p(z) = -4*z**3 + 7*z**2 - 3*z - 1. What are the prime factors of p(-4)?
379
Let d = 3 + -1. Suppose 7*f - 3 = 4*f. List the prime factors of -2*f + d - -12.
2, 3
Suppose 40 = 2*y - 0*y. Suppose -i - y = -3*i. List the prime factors of i.
2, 5
Suppose -m = -0 + 3. What are the prime factors of (m + -1)*(4 + -7)?
2, 3
Suppose 5*h + 5*q = 2*q + 75, -4*h + 77 = -q. What are the prime factors of h?
2, 3
Suppose u - 44 = -3*u. Let g(i) = -i**3 + 6*i**2 - 5*i + 5. Let q be g(5). Suppose q*m + 1 = u. What are the prime factors of m?
2
Let b(y) be the third derivative of y**6/120 + y**5/10 - 7*y**4/24 + 2*y**3/3 - y**2. What are the prime factors of b(-7)?
2
Let d(r) be the third derivative of r**4/24 + 5*r**3/6 + 13*r**2. Suppose -2*o = o. List the prime factors of d(o).
5
Let g(t) be the third derivative of t**4/24 + 7*t**3/2 - 4*t**2. What are the prime factors of g(-11)?
2, 5
Let w(z) = 2*z**2 - 7*z + 5. Suppose -x - 1 = -5. What are the prime factors of w(x)?
3
Let a = -6 - -10. What are the prime factors of a?
2
Let n(m) = 10*m**3 - 2*m**2 + 2*m - 3. What are the prime factors of n(2)?
73
Suppose 133 - 16 = 3*b. What are the prime factors of b?
3, 13
Suppose -3*s + 12 = 3*s. What are the prime factors of s?
2
Suppose 300 + 156 = 8*t. What are the prime factors of t?
3, 19
Let y(q) be the second derivative of -q**4/12 - 7*q**3/6 - 3*q**2 + q. Let i be y(-6). Let k = i + 16. What are the prime factors of k?
2
Suppose -5*k = -j - 54 - 304, -3*j - 282 = -4*k. What are the prime factors of k?
2, 3
Let p = 179 + -92. List the prime factors of p.
3, 29
Let d be -1*(-5 + -1 - -2). Suppose -9 = f - d*f. Suppose -12 = -f*r - r. What are the prime factors of r?
3
Let u(c) = c + 8. Let l be (0/12)/(-1 + 3). What are the prime factors of u(l)?
2
Let g be 6/(-18) - 58/6. Let o = g + 7. Let m = o + 5. List the prime factors of m.
2
Suppose 4*v - 52 - 36 = 0. List the prime factors of v.
2, 11
Let t = 181 + 134. Suppose 5*v - t + 95 = 0. Suppose k + v = 5*k. What are the prime factors of k?
11
Let m = 4 + -2. Let f = 14 - 7. Suppose 